{"id":1013,"date":"2025-02-18T10:47:17","date_gmt":"2025-02-18T10:47:17","guid":{"rendered":"https:\/\/bigport.pt\/?page_id=1013"},"modified":"2025-02-18T10:59:47","modified_gmt":"2025-02-18T10:59:47","slug":"acerca-de","status":"publish","type":"page","link":"https:\/\/bigport.pt\/?page_id=1013&lang=es","title":{"rendered":"Acerca de"},"content":{"rendered":"\t\t<div data-elementor-type=\"wp-page\" data-elementor-id=\"1013\" class=\"elementor elementor-1013\">\n\t\t\t\t\t\t<section class=\"elementor-section elementor-top-section elementor-element elementor-element-33b70edf elementor-section-boxed elementor-section-height-default elementor-section-height-default\" data-id=\"33b70edf\" data-element_type=\"section\">\n\t\t\t\t\t\t<div class=\"elementor-container elementor-column-gap-default\">\n\t\t\t\t\t<div class=\"elementor-column elementor-col-100 elementor-top-column elementor-element elementor-element-4bfb992\" data-id=\"4bfb992\" data-element_type=\"column\">\n\t\t\t<div class=\"elementor-widget-wrap elementor-element-populated\">\n\t\t\t\t\t\t<div class=\"elementor-element elementor-element-b7ebb1f elementor-widget elementor-widget-shortcode\" data-id=\"b7ebb1f\" data-element_type=\"widget\" data-widget_type=\"shortcode.default\">\n\t\t\t\t<div class=\"elementor-widget-container\">\n\t\t\t\t\t<div class=\"elementor-shortcode\">\n<\/div>\n\t\t\t\t<\/div>\n\t\t\t\t<\/div>\n\t\t\t\t\t<\/div>\n\t\t<\/div>\n\t\t\t\t\t<\/div>\n\t\t<\/section>\n\t\t\t\t<section class=\"elementor-section elementor-top-section elementor-element elementor-element-5385815 elementor-section-boxed elementor-section-height-default elementor-section-height-default\" data-id=\"5385815\" data-element_type=\"section\">\n\t\t\t\t\t\t<div class=\"elementor-container elementor-column-gap-default\">\n\t\t\t\t\t<div class=\"elementor-column elementor-col-100 elementor-top-column elementor-element elementor-element-4848cb2\" data-id=\"4848cb2\" data-element_type=\"column\">\n\t\t\t<div class=\"elementor-widget-wrap elementor-element-populated\">\n\t\t\t\t\t\t<div class=\"elementor-element elementor-element-b2b0e30 elementor-widget elementor-widget-spacer\" data-id=\"b2b0e30\" data-element_type=\"widget\" data-widget_type=\"spacer.default\">\n\t\t\t\t<div class=\"elementor-widget-container\">\n\t\t\t\t\t<div class=\"elementor-spacer\">\n\t\t\t<div class=\"elementor-spacer-inner\"><\/div>\n\t\t<\/div>\n\t\t\t\t<\/div>\n\t\t\t\t<\/div>\n\t\t\t\t\t<\/div>\n\t\t<\/div>\n\t\t\t\t\t<\/div>\n\t\t<\/section>\n\t\t\t\t<section class=\"elementor-section elementor-top-section elementor-element elementor-element-606a39b elementor-section-boxed elementor-section-height-default elementor-section-height-default\" data-id=\"606a39b\" data-element_type=\"section\">\n\t\t\t\t\t\t<div class=\"elementor-container elementor-column-gap-default\">\n\t\t\t\t\t<div class=\"elementor-column elementor-col-50 elementor-top-column elementor-element elementor-element-6c2396f\" data-id=\"6c2396f\" data-element_type=\"column\">\n\t\t\t<div class=\"elementor-widget-wrap elementor-element-populated\">\n\t\t\t\t\t\t<div class=\"elementor-element elementor-element-9d316e4 elementor-widget__width-initial elementor-widget elementor-widget-heading\" data-id=\"9d316e4\" data-element_type=\"widget\" data-widget_type=\"heading.default\">\n\t\t\t\t<div class=\"elementor-widget-container\">\n\t\t\t<h2 class=\"elementor-heading-title elementor-size-default\"><br>La amplia gama de productos Bigport se presenta actualmente bajo la \nbajo la marca Big Home y cubren diferentes \u00e1reas \n\u00e1reas: puericultura, DPH, limpieza, hogar, exterior, ocio. \n<div><br><\/div><\/h2>\t\t<\/div>\n\t\t\t\t<\/div>\n\t\t\t\t\t<\/div>\n\t\t<\/div>\n\t\t\t\t<div class=\"elementor-column elementor-col-50 elementor-top-column elementor-element elementor-element-fde47d9\" data-id=\"fde47d9\" data-element_type=\"column\">\n\t\t\t<div class=\"elementor-widget-wrap elementor-element-populated\">\n\t\t\t\t\t\t<div class=\"elementor-element elementor-element-23ebfa2 elementor-widget__width-initial elementor-widget elementor-widget-heading\" data-id=\"23ebfa2\" data-element_type=\"widget\" data-widget_type=\"heading.default\">\n\t\t\t\t<div class=\"elementor-widget-container\">\n\t\t\t<h2 class=\"elementor-heading-title elementor-size-default\"><br>Los art\u00edculos de exterior incluyen una amplia \ngama de productos de jardiner\u00eda, como macetas bicolores \nmacetas de colores de varios tama\u00f1os, as\u00ed como regaderas y mangueras. \nmangueras. \n<div><br><\/div><\/h2>\t\t<\/div>\n\t\t\t\t<\/div>\n\t\t\t\t\t<\/div>\n\t\t<\/div>\n\t\t\t\t\t<\/div>\n\t\t<\/section>\n\t\t\t\t<section class=\"elementor-section elementor-top-section elementor-element elementor-element-dbc7b59 elementor-section-boxed elementor-section-height-default elementor-section-height-default\" data-id=\"dbc7b59\" data-element_type=\"section\">\n\t\t\t\t\t\t<div class=\"elementor-container elementor-column-gap-default\">\n\t\t\t\t\t<div class=\"elementor-column elementor-col-50 elementor-top-column elementor-element elementor-element-2fd9346\" data-id=\"2fd9346\" data-element_type=\"column\">\n\t\t\t<div class=\"elementor-widget-wrap elementor-element-populated\">\n\t\t\t\t\t\t<div class=\"elementor-element elementor-element-e0c12c9 elementor-widget__width-initial elementor-widget elementor-widget-heading\" data-id=\"e0c12c9\" data-element_type=\"widget\" data-widget_type=\"heading.default\">\n\t\t\t\t<div class=\"elementor-widget-container\">\n\t\t\t<h2 class=\"elementor-heading-title elementor-size-default\"><br>Los art\u00edculos para el hogar se dividen en art\u00edculos para el \nba\u00f1o, cocina y muebles. La \ngama de colores, \ndesde los m\u00e1s coloridos a los m\u00e1s neutros, permite \ncombinar varios productos del mismo color \na la hora de elegir art\u00edculos para la despensa o accesorios de cocina. \naccesorios de cocina. \n<div><br><\/div><\/h2>\t\t<\/div>\n\t\t\t\t<\/div>\n\t\t\t\t\t<\/div>\n\t\t<\/div>\n\t\t\t\t<div class=\"elementor-column elementor-col-50 elementor-top-column elementor-element elementor-element-814221a\" data-id=\"814221a\" data-element_type=\"column\">\n\t\t\t<div class=\"elementor-widget-wrap elementor-element-populated\">\n\t\t\t\t\t\t<div class=\"elementor-element elementor-element-4d5fc8f elementor-widget__width-initial elementor-widget elementor-widget-heading\" data-id=\"4d5fc8f\" data-element_type=\"widget\" data-widget_type=\"heading.default\">\n\t\t\t\t<div class=\"elementor-widget-container\">\n\t\t\t<h2 class=\"elementor-heading-title elementor-size-default\"><br>El \u00e1rea de Limpieza incluye una variedad de productos respetuosos con el medio ambiente y m\u00e1s sostenibles por su composici\u00f3n en microfibras, que reducen la necesidad de detergentes. \nuso de detergentes, como es el caso de algunas bayetas, fregonas, guantes, plumeros, entre otros.  <span style=\"font-family: Montserrat, sans-serif;font-size: 17px\"><\/span><br><br><\/h2>\t\t<\/div>\n\t\t\t\t<\/div>\n\t\t\t\t\t<\/div>\n\t\t<\/div>\n\t\t\t\t\t<\/div>\n\t\t<\/section>\n\t\t\t\t<section class=\"elementor-section elementor-top-section elementor-element elementor-element-0e5cff3 elementor-section-boxed elementor-section-height-default elementor-section-height-default\" data-id=\"0e5cff3\" data-element_type=\"section\">\n\t\t\t\t\t\t<div class=\"elementor-container elementor-column-gap-default\">\n\t\t\t\t\t<div class=\"elementor-column elementor-col-50 elementor-top-column elementor-element elementor-element-cb8e252\" data-id=\"cb8e252\" data-element_type=\"column\">\n\t\t\t<div class=\"elementor-widget-wrap elementor-element-populated\">\n\t\t\t\t\t\t<div class=\"elementor-element elementor-element-1976eb7 elementor-widget__width-initial elementor-widget elementor-widget-heading\" data-id=\"1976eb7\" data-element_type=\"widget\" data-widget_type=\"heading.default\">\n\t\t\t\t<div class=\"elementor-widget-container\">\n\t\t\t<h2 class=\"elementor-heading-title elementor-size-default\"><br>Los art\u00edculos de ocio incluyen accesorios para barbacoas y art\u00edculos de refrigeraci\u00f3n\npara uso fuera del hogar.\n<div><br><\/div><\/h2>\t\t<\/div>\n\t\t\t\t<\/div>\n\t\t\t\t\t<\/div>\n\t\t<\/div>\n\t\t\t\t<div class=\"elementor-column elementor-col-50 elementor-top-column elementor-element elementor-element-f0c7636\" data-id=\"f0c7636\" data-element_type=\"column\">\n\t\t\t<div class=\"elementor-widget-wrap elementor-element-populated\">\n\t\t\t\t\t\t<div class=\"elementor-element elementor-element-c700248 elementor-widget__width-initial elementor-widget elementor-widget-heading\" data-id=\"c700248\" data-element_type=\"widget\" data-widget_type=\"heading.default\">\n\t\t\t\t<div class=\"elementor-widget-container\">\n\t\t\t<h2 class=\"elementor-heading-title elementor-size-default\"><br>Tambi\u00e9n somos representantes en Europa de algunas \nSkala Cosm\u00e9ticos en el \u00e1rea de cosm\u00e9tica, \nCondor en el de limpieza, belleza e higiene bucal \ny Great Plastics, en el segmento de pl\u00e1sticos para el hogar. \npara el hogar. <br><\/h2>\t\t<\/div>\n\t\t\t\t<\/div>\n\t\t\t\t\t<\/div>\n\t\t<\/div>\n\t\t\t\t\t<\/div>\n\t\t<\/section>\n\t\t\t\t<section class=\"elementor-section elementor-top-section elementor-element elementor-element-797b489 elementor-section-boxed elementor-section-height-default elementor-section-height-default\" data-id=\"797b489\" data-element_type=\"section\">\n\t\t\t\t\t\t<div class=\"elementor-container elementor-column-gap-default\">\n\t\t\t\t\t<div class=\"elementor-column elementor-col-100 elementor-top-column elementor-element elementor-element-9c00730\" data-id=\"9c00730\" data-element_type=\"column\">\n\t\t\t<div class=\"elementor-widget-wrap elementor-element-populated\">\n\t\t\t\t\t\t<div class=\"elementor-element elementor-element-c792e42 elementor-widget elementor-widget-spacer\" data-id=\"c792e42\" data-element_type=\"widget\" data-widget_type=\"spacer.default\">\n\t\t\t\t<div class=\"elementor-widget-container\">\n\t\t\t\t\t<div class=\"elementor-spacer\">\n\t\t\t<div class=\"elementor-spacer-inner\"><\/div>\n\t\t<\/div>\n\t\t\t\t<\/div>\n\t\t\t\t<\/div>\n\t\t\t\t<div class=\"elementor-element elementor-element-9a94541 elementor-widget elementor-widget-heading\" data-id=\"9a94541\" data-element_type=\"widget\" data-widget_type=\"heading.default\">\n\t\t\t\t<div class=\"elementor-widget-container\">\n\t\t\t<h2 class=\"elementor-heading-title elementor-size-default\">Gracias a todos nuestros empleados, socios y clientes. \n\n<br>\nJuntos, \u00a1llegaremos a\u00fan m\u00e1s lejos!<\/h2>\t\t<\/div>\n\t\t\t\t<\/div>\n\t\t\t\t\t<\/div>\n\t\t<\/div>\n\t\t\t\t\t<\/div>\n\t\t<\/section>\n\t\t\t\t<section class=\"elementor-section elementor-top-section elementor-element elementor-element-e289d27 elementor-section-boxed elementor-section-height-default elementor-section-height-default\" data-id=\"e289d27\" data-element_type=\"section\">\n\t\t\t\t\t\t<div class=\"elementor-container elementor-column-gap-default\">\n\t\t\t\t\t<div class=\"elementor-column elementor-col-100 elementor-top-column elementor-element elementor-element-bd7a1bc\" data-id=\"bd7a1bc\" data-element_type=\"column\">\n\t\t\t<div class=\"elementor-widget-wrap elementor-element-populated\">\n\t\t\t\t\t\t<div class=\"elementor-element elementor-element-f758e31 elementor-widget elementor-widget-spacer\" data-id=\"f758e31\" data-element_type=\"widget\" data-widget_type=\"spacer.default\">\n\t\t\t\t<div class=\"elementor-widget-container\">\n\t\t\t\t\t<div class=\"elementor-spacer\">\n\t\t\t<div class=\"elementor-spacer-inner\"><\/div>\n\t\t<\/div>\n\t\t\t\t<\/div>\n\t\t\t\t<\/div>\n\t\t\t\t\t<\/div>\n\t\t<\/div>\n\t\t\t\t\t<\/div>\n\t\t<\/section>\n\t\t\t\t<\/div>\n\t\t","protected":false},"excerpt":{"rendered":"<p>La amplia gama de productos Bigport se presenta actualmente bajo la bajo la marca Big Home y cubren diferentes \u00e1reas \u00e1reas: puericultura, DPH, limpieza, hogar, exterior, ocio. Los art\u00edculos de exterior incluyen una amplia gama de productos de jardiner\u00eda, como macetas bicolores macetas de colores de varios tama\u00f1os, as\u00ed como regaderas y mangueras. mangueras. Los [&hellip;]<\/p>\n","protected":false},"author":1,"featured_media":0,"parent":0,"menu_order":0,"comment_status":"closed","ping_status":"closed","template":"elementor_header_footer","meta":{"ocean_post_layout":"","ocean_both_sidebars_style":"","ocean_both_sidebars_content_width":0,"ocean_both_sidebars_sidebars_width":0,"ocean_sidebar":"0","ocean_second_sidebar":"0","ocean_disable_margins":"enable","ocean_add_body_class":"","ocean_shortcode_before_top_bar":"","ocean_shortcode_after_top_bar":"","ocean_shortcode_before_header":"","ocean_shortcode_after_header":"","ocean_has_shortcode":"","ocean_shortcode_after_title":"","ocean_shortcode_before_footer_widgets":"","ocean_shortcode_after_footer_widgets":"","ocean_shortcode_before_footer_bottom":"","ocean_shortcode_after_footer_bottom":"","ocean_display_top_bar":"default","ocean_display_header":"default","ocean_header_style":"","ocean_center_header_left_menu":"0","ocean_custom_header_template":"0","ocean_custom_logo":0,"ocean_custom_retina_logo":0,"ocean_custom_logo_max_width":0,"ocean_custom_logo_tablet_max_width":0,"ocean_custom_logo_mobile_max_width":0,"ocean_custom_logo_max_height":0,"ocean_custom_logo_tablet_max_height":0,"ocean_custom_logo_mobile_max_height":0,"ocean_header_custom_menu":"0","ocean_menu_typo_font_family":"0","ocean_menu_typo_font_subset":"","ocean_menu_typo_font_size":0,"ocean_menu_typo_font_size_tablet":0,"ocean_menu_typo_font_size_mobile":0,"ocean_menu_typo_font_size_unit":"px","ocean_menu_typo_font_weight":"","ocean_menu_typo_font_weight_tablet":"","ocean_menu_typo_font_weight_mobile":"","ocean_menu_typo_transform":"","ocean_menu_typo_transform_tablet":"","ocean_menu_typo_transform_mobile":"","ocean_menu_typo_line_height":0,"ocean_menu_typo_line_height_tablet":0,"ocean_menu_typo_line_height_mobile":0,"ocean_menu_typo_line_height_unit":"","ocean_menu_typo_spacing":0,"ocean_menu_typo_spacing_tablet":0,"ocean_menu_typo_spacing_mobile":0,"ocean_menu_typo_spacing_unit":"","ocean_menu_link_color":"","ocean_menu_link_color_hover":"","ocean_menu_link_color_active":"","ocean_menu_link_background":"","ocean_menu_link_hover_background":"","ocean_menu_link_active_background":"","ocean_menu_social_links_bg":"","ocean_menu_social_hover_links_bg":"","ocean_menu_social_links_color":"","ocean_menu_social_hover_links_color":"","ocean_disable_title":"default","ocean_disable_heading":"default","ocean_post_title":"","ocean_post_subheading":"","ocean_post_title_style":"","ocean_post_title_background_color":"","ocean_post_title_background":0,"ocean_post_title_bg_image_position":"","ocean_post_title_bg_image_attachment":"","ocean_post_title_bg_image_repeat":"","ocean_post_title_bg_image_size":"","ocean_post_title_height":0,"ocean_post_title_bg_overlay":0.5,"ocean_post_title_bg_overlay_color":"","ocean_disable_breadcrumbs":"default","ocean_breadcrumbs_color":"","ocean_breadcrumbs_separator_color":"","ocean_breadcrumbs_links_color":"","ocean_breadcrumbs_links_hover_color":"","ocean_display_footer_widgets":"default","ocean_display_footer_bottom":"default","ocean_custom_footer_template":"0","footnotes":""},"class_list":["post-1013","page","type-page","status-publish","hentry","entry"],"yoast_head":"<!-- This site is optimized with the Yoast SEO plugin v24.4 - https:\/\/yoast.com\/wordpress\/plugins\/seo\/ -->\n<title>Acerca de - Bigport<\/title>\n<meta name=\"robots\" content=\"index, follow, max-snippet:-1, max-image-preview:large, max-video-preview:-1\" \/>\n<link rel=\"canonical\" href=\"https:\/\/bigport.pt\/?page_id=1013&lang=es\" \/>\n<meta property=\"og:locale\" content=\"pt_PT\" \/>\n<meta property=\"og:type\" content=\"article\" \/>\n<meta property=\"og:title\" content=\"Acerca de - Bigport\" \/>\n<meta property=\"og:description\" content=\"La amplia gama de productos Bigport se presenta actualmente bajo la bajo la marca Big Home y cubren diferentes \u00e1reas \u00e1reas: puericultura, DPH, limpieza, hogar, exterior, ocio. Los art\u00edculos de exterior incluyen una amplia gama de productos de jardiner\u00eda, como macetas bicolores macetas de colores de varios tama\u00f1os, as\u00ed como regaderas y mangueras. mangueras. Los [&hellip;]\" \/>\n<meta property=\"og:url\" content=\"https:\/\/bigport.pt\/?page_id=1013&amp;lang=es\" \/>\n<meta property=\"og:site_name\" content=\"Bigport\" \/>\n<meta property=\"article:modified_time\" content=\"2025-02-18T10:59:47+00:00\" \/>\n<meta name=\"twitter:card\" content=\"summary_large_image\" \/>\n<script type=\"application\/ld+json\" class=\"yoast-schema-graph\">{\"@context\":\"https:\/\/schema.org\",\"@graph\":[{\"@type\":\"WebPage\",\"@id\":\"https:\/\/bigport.pt\/?page_id=1013&lang=es\",\"url\":\"https:\/\/bigport.pt\/?page_id=1013&lang=es\",\"name\":\"Acerca de - Bigport\",\"isPartOf\":{\"@id\":\"https:\/\/bigport.pt\/#website\"},\"datePublished\":\"2025-02-18T10:47:17+00:00\",\"dateModified\":\"2025-02-18T10:59:47+00:00\",\"breadcrumb\":{\"@id\":\"https:\/\/bigport.pt\/?page_id=1013&lang=es#breadcrumb\"},\"inLanguage\":\"pt-PT\",\"potentialAction\":[{\"@type\":\"ReadAction\",\"target\":[\"https:\/\/bigport.pt\/?page_id=1013&lang=es\"]}]},{\"@type\":\"BreadcrumbList\",\"@id\":\"https:\/\/bigport.pt\/?page_id=1013&lang=es#breadcrumb\",\"itemListElement\":[{\"@type\":\"ListItem\",\"position\":1,\"name\":\"In\u00edcio\",\"item\":\"https:\/\/bigport.pt\/\"},{\"@type\":\"ListItem\",\"position\":2,\"name\":\"Acerca de\"}]},{\"@type\":\"WebSite\",\"@id\":\"https:\/\/bigport.pt\/#website\",\"url\":\"https:\/\/bigport.pt\/\",\"name\":\"Bigport\",\"description\":\"\",\"publisher\":{\"@id\":\"https:\/\/bigport.pt\/#organization\"},\"potentialAction\":[{\"@type\":\"SearchAction\",\"target\":{\"@type\":\"EntryPoint\",\"urlTemplate\":\"https:\/\/bigport.pt\/?s={search_term_string}\"},\"query-input\":{\"@type\":\"PropertyValueSpecification\",\"valueRequired\":true,\"valueName\":\"search_term_string\"}}],\"inLanguage\":\"pt-PT\"},{\"@type\":\"Organization\",\"@id\":\"https:\/\/bigport.pt\/#organization\",\"name\":\"Bigport\",\"url\":\"https:\/\/bigport.pt\/\",\"logo\":{\"@type\":\"ImageObject\",\"inLanguage\":\"pt-PT\",\"@id\":\"https:\/\/bigport.pt\/#\/schema\/logo\/image\/\",\"url\":\"https:\/\/bigport.pt\/wp-content\/uploads\/2024\/07\/cropped-cropped-logo-bigport-scaled-1.jpg\",\"contentUrl\":\"https:\/\/bigport.pt\/wp-content\/uploads\/2024\/07\/cropped-cropped-logo-bigport-scaled-1.jpg\",\"width\":2560,\"height\":592,\"caption\":\"Bigport\"},\"image\":{\"@id\":\"https:\/\/bigport.pt\/#\/schema\/logo\/image\/\"}}]}<\/script>\n<!-- \/ Yoast SEO plugin. -->","yoast_head_json":{"title":"Acerca de - Bigport","robots":{"index":"index","follow":"follow","max-snippet":"max-snippet:-1","max-image-preview":"max-image-preview:large","max-video-preview":"max-video-preview:-1"},"canonical":"https:\/\/bigport.pt\/?page_id=1013&lang=es","og_locale":"pt_PT","og_type":"article","og_title":"Acerca de - Bigport","og_description":"La amplia gama de productos Bigport se presenta actualmente bajo la bajo la marca Big Home y cubren diferentes \u00e1reas \u00e1reas: puericultura, DPH, limpieza, hogar, exterior, ocio. Los art\u00edculos de exterior incluyen una amplia gama de productos de jardiner\u00eda, como macetas bicolores macetas de colores de varios tama\u00f1os, as\u00ed como regaderas y mangueras. mangueras. Los [&hellip;]","og_url":"https:\/\/bigport.pt\/?page_id=1013&lang=es","og_site_name":"Bigport","article_modified_time":"2025-02-18T10:59:47+00:00","twitter_card":"summary_large_image","schema":{"@context":"https:\/\/schema.org","@graph":[{"@type":"WebPage","@id":"https:\/\/bigport.pt\/?page_id=1013&lang=es","url":"https:\/\/bigport.pt\/?page_id=1013&lang=es","name":"Acerca de - Bigport","isPartOf":{"@id":"https:\/\/bigport.pt\/#website"},"datePublished":"2025-02-18T10:47:17+00:00","dateModified":"2025-02-18T10:59:47+00:00","breadcrumb":{"@id":"https:\/\/bigport.pt\/?page_id=1013&lang=es#breadcrumb"},"inLanguage":"pt-PT","potentialAction":[{"@type":"ReadAction","target":["https:\/\/bigport.pt\/?page_id=1013&lang=es"]}]},{"@type":"BreadcrumbList","@id":"https:\/\/bigport.pt\/?page_id=1013&lang=es#breadcrumb","itemListElement":[{"@type":"ListItem","position":1,"name":"In\u00edcio","item":"https:\/\/bigport.pt\/"},{"@type":"ListItem","position":2,"name":"Acerca de"}]},{"@type":"WebSite","@id":"https:\/\/bigport.pt\/#website","url":"https:\/\/bigport.pt\/","name":"Bigport","description":"","publisher":{"@id":"https:\/\/bigport.pt\/#organization"},"potentialAction":[{"@type":"SearchAction","target":{"@type":"EntryPoint","urlTemplate":"https:\/\/bigport.pt\/?s={search_term_string}"},"query-input":{"@type":"PropertyValueSpecification","valueRequired":true,"valueName":"search_term_string"}}],"inLanguage":"pt-PT"},{"@type":"Organization","@id":"https:\/\/bigport.pt\/#organization","name":"Bigport","url":"https:\/\/bigport.pt\/","logo":{"@type":"ImageObject","inLanguage":"pt-PT","@id":"https:\/\/bigport.pt\/#\/schema\/logo\/image\/","url":"https:\/\/bigport.pt\/wp-content\/uploads\/2024\/07\/cropped-cropped-logo-bigport-scaled-1.jpg","contentUrl":"https:\/\/bigport.pt\/wp-content\/uploads\/2024\/07\/cropped-cropped-logo-bigport-scaled-1.jpg","width":2560,"height":592,"caption":"Bigport"},"image":{"@id":"https:\/\/bigport.pt\/#\/schema\/logo\/image\/"}}]}},"_links":{"self":[{"href":"https:\/\/bigport.pt\/index.php?rest_route=\/wp\/v2\/pages\/1013","targetHints":{"allow":["GET"]}}],"collection":[{"href":"https:\/\/bigport.pt\/index.php?rest_route=\/wp\/v2\/pages"}],"about":[{"href":"https:\/\/bigport.pt\/index.php?rest_route=\/wp\/v2\/types\/page"}],"author":[{"embeddable":true,"href":"https:\/\/bigport.pt\/index.php?rest_route=\/wp\/v2\/users\/1"}],"replies":[{"embeddable":true,"href":"https:\/\/bigport.pt\/index.php?rest_route=%2Fwp%2Fv2%2Fcomments&post=1013"}],"version-history":[{"count":5,"href":"https:\/\/bigport.pt\/index.php?rest_route=\/wp\/v2\/pages\/1013\/revisions"}],"predecessor-version":[{"id":1047,"href":"https:\/\/bigport.pt\/index.php?rest_route=\/wp\/v2\/pages\/1013\/revisions\/1047"}],"wp:attachment":[{"href":"https:\/\/bigport.pt\/index.php?rest_route=%2Fwp%2Fv2%2Fmedia&parent=1013"}],"curies":[{"name":"wp","href":"https:\/\/api.w.org\/{rel}","templated":true}]}}